25).
181
Let t(l) = 14*l**2 - 196*l - 22. Give t(14).
-22
Let b(t) = -t - 586. Determine b(38).
-624
Let n(m) = -m**3 + 6*m**2 - 32*m + 76. What is n(3)?
7
Let k(h) = 5*h**3 + 19*h**2 - 32*h - 132. Determine k(-4).
-20
Let k(x) = -3*x**2 + 57*x - 90. Determine k(17).
12
Let x(m) = 57*m**2 + 226*m - 7. What is x(-4)?
1
Let n(j) = 8*j**2 - 2. What is n(-1)?
6
Let p(l) = 7*l**2 + 72*l + 68. Give p(-1).
3
Let b(k) = k**3 - 15*k**2 + 16*k + 47. Give b(13).
-83
Let m(o) = o**2 + 41*o + 99. Determine m(-42).
141
Let g(a) = a**3 + 10*a**2 - a - 42. Calculate g(-10).
-32
Let b(q) = 2*q**2 - 19*q - 138. Give b(-7).
93
Let c(z) = 2*z**2 - 106*z + 1342. Determine c(33).
22
Let v(n) = -67*n**2 - 222*n - 59. Determine v(-3).
4
Let a(w) = -w**2 - 19*w + 164. Calculate a(7).
-18
Let t(a) = -3*a**3 + 141*a**2 - 141*a + 139. Determine t(46).
1
Let l(k) = 7*k + 454. Give l(-37).
195
Let p(b) = -1668*b - 3348. Determine p(-2).
-12
Let h(i) = -15*i + 228. Determine h(-11).
393
Let v(z) = -104*z**3 - z**2 - 2*z + 1. Give v(1).
-106
Let u(v) = 2*v**3 + 8*v**2 - 24*v - 4. Give u(-6).
-4
Let g(x) = 56*x**2 - 71*x + 21. Give g(1).
6
Let m(z) = -z**3 + 26*z**2 - 106*z + 14. Determine m(20).
294
Let v(k) = -34*k - 424. Calculate v(-12).
-16
Let r(m) = m**2 + 2089*m + 12521. What is r(-6)?
23
Let m(h) = -h**3 + 17*h**2 + 27*h - 452. Determine m(17).
7
Let g(a) = 2*a**3 + 94*a**2 + 791*a - 77. Give g(-36).
-41
Let s(j) = -j**3 + 31*j**2 + 38*j - 205. Give s(32).
-13
Let j(l) = -17*l + 3. Calculate j(2).
-31
Let d(r) = r**2 + 27*r + 55. Determine d(-23).
-37
Let f(i) = 41*i**2 - 32*i + 26. Give f(-2).
254
Let p(f) = -49*f - 9071. Give p(-185).
-6
Let z(p) = -33*p - 311. Determine z(-7).
-80
Let u(i) = -2*i**3 + 13*i**2 - 46*i + 15. Calculate u(4).
-89
Let t(p) = -2305*p - 16107. What is t(-7)?
28
Let z(o) = o**3 - 39*o**2 + 376*o + 42. What is z(21)?
0
Let k(h) = -h**3 - 23*h**2 - 27*h - 81. Calculate k(-22).
29
Let r(l) = -l**2 + 27*l - 179. What is r(11)?
-3
Let z(y) = 47*y - 110. What is z(8)?
266
Let w(c) = c**3 - 13*c**2 + 20*c - 17. Determine w(10).
-117
Let z(h) = -3*h**3 + 21*h**2 + 3*h + 11. What is z(5)?
176
Let s(k) = k**3 - k**2 - 5*k + 25. Give s(-9).
-740
Let d(k) = -2*k**2 + 28*k. What is d(14)?
0
Let s(w) = 8*w - 710. Calculate s(-16).
-838
Let x(c) = 4*c**2 - 373*c + 1857. Determine x(88).
9
Let m(b) = -14*b - 413. Calculate m(-75).
637
Let u(l) = 168*l + 1041. What is u(-6)?
33
Let t(g) = -276*g + 3048. Calculate t(11).
12
Let k(i) = -i**2 - 65*i - 256. What is k(-61)?
-12
Let k(d) = 2*d**2 - 51*d - 205. Determine k(32).
211
Let l(x) = 5*x - 55. What is l(9)?
-10
Let z(o) = -66*o + 2565. Determine z(35).
255
Let i(a) = -a**2 - 63*a + 476. What is i(8)?
-92
Let r(u) = -46*u - 2262. Determine r(-49).
-8
Let a(n) = -14*n - 122. Give a(-4).
-66
Let g(v) = 2*v**3 - v**2 + 9*v + 61. Determine g(-4).
-119
Let h(x) = -5*x**3 - 40*x**2 + 3*x - 12. What is h(-8)?
-36
Let n(q) = -64*q + 2242. Determine n(35).
2
Let g(z) = z**2 + 159*z + 5883. What is g(-59)?
-17
Let b(k) = -7966*k + 47801. Determine b(6).
5
Let g(r) = 126*r - 786. Give g(7).
96
Let d(x) = 7*x**3 + 33*x**2 - 14*x - 24. What is d(-5)?
-4
Let q(h) = 8*h**3 - 345*h**2 + 44*h - 25. Give q(43).
18
Let q(f) = -f**2 + 16*f - 10. What is q(0)?
-10
Let v(b) = 3*b**2 + 24*b - 115. Give v(4).
29
Let m(x) = -107*x + 1822. Determine m(17).
3
Let y(h) = 3*h**3 + 10*h**2 + 11*h - 22. Calculate y(-7).
-638
Let h(f) = -405*f - 3673. Give h(-9).
-28
Let q(d) = d**3 - 26*d**2 - 66*d - 573. Determine q(29).
36
Let l(v) = -2*v**3 - 7*v**2 - 12*v - 30. What is l(-5)?
105
Let k(x) = 241*x - 476. Give k(2).
6
Let t(u) = u**3 - 12*u**2 + 9*u - 9. What is t(10)?
-119
Let z(r) = -r**3 - 30*r**2 + 29*r + 131. Determine z(-31).
193
Let v(u) = -u**3 + 22*u**2 - 37*u - 6. What is v(20)?
54
Let q(p) = -11*p**2 + 108*p - 176. Give q(8).
-16
Let y(x) = 86*x + 3149. Calculate y(-37).
-33
Let f(g) = -14*g - 37. Give f(6).
-121
Let q(x) = x**3 - 4*x**2 - 2*x - 14. Determine q(5).
1
Let h(d) = -4*d**2 + 18*d + 79. Determine h(7).
9
Let n(z) = 236*z**2 - 4. What is n(1)?
232
Let a(d) = -28*d + 114. Give a(6).
-54
Let w(m) = -1043*m + 1044. Determine w(1).
1
Let y(z) = 46*z**2 + 1428*z + 59. Calculate y(-31).
-3
Let r(b) = 3*b**2 - 49*b - 13. Give r(17).
21
Let k(x) = x**2 + 5*x - 20. What is k(-8)?
4
Let l(q) = 1689*q + 124984. What is l(-74)?
-2
Let a(n) = -3*n**3 + 680*n**2 - 1125*n - 8. Determine a(225).
-8
Let w(o) = -129*o**2 - 3099*o - 50. Determine w(-24).
22
Let l(w) = -290*w - 111. Give l(2).
-691
Let u(f) = -f**3 - 2*f**2 + 6*f - 53. Determine u(-6).
55
Let w(j) = -115*j - 3206. Give w(-28).
14
Let k(j) = -j**3 + 41*j**2 - 83*j + 238. Determine k(39).
43
Let p(w) = -169*w + 863. Give p(5).
18
Let m(n) = n**2 - 36*n - 7. Determine m(36).
-7
Let s(p) = 165*p - 2. Give s(3).
493
Let o(z) = -4*z**2 + 72*z - 129. Give o(16).
-1
Let s(x) = -26*x**3 - 8*x - 8. What is s(-1)?
26
Let m(c) = -27*c - 627. Calculate m(-25).
48
Let k(s) = 4*s + 112. Determine k(18).
184
Let c(v) = -6*v**2 - 317*v - 1151. Determine c(-49).
-24
Let t(v) = -4*v**2 + 41*v + 903. Determine t(21).
0
Let z(n) = n**3 - 14*n**2 + 24*n - 9. Give z(10).
-169
Let z(o) = 18*o + 746. What is z(-41)?
8
Let q(y) = -221*y + 3537. What is q(16)?
1
Let o(d) = d**3 - 6*d**2 - 290*d + 28. What is o(-15)?
-347
Let b(z) = z**2 - 14*z - 291. Calculate b(24).
-51
Let b(v) = -v**2 - 3*v + 1533. Calculate b(-41).
-25
Let v(q) = -q**3 + 62*q**2 + 277*q - 857. What is v(66)?
1
Let o(k) = -k**2 + 26*k - 148. What is o(8)?
-4
Let p(r) = r**2 + 48*r + 295. What is p(-8)?
-25
Let s(l) = -9*l**2 + 364*l - 3338. Calculate s(14).
-6
Let n(s) = 4900*s - 24505. What is n(5)?
-5
Let z(n) = 154*n + 1856. Give z(-12).
8
Let w(y) = 2*y**3 - 54*y**2 + 100*y + 15. Give w(25).
15
Let s(a) = a**3 + 10*a**2 + 62*a + 448. Give s(-9).
-29
Let u(v) = v**3 - 23*v**2 + 140*v - 53. Determine u(11).
35
Let f(n) = 1034*n + 17578. What is f(-17)?
0
Let w(k) = -k**2 + 39*k + 342. Determine w(44).
122
Let b(l) = 2*l**2 - 245*l + 1065. Give b(118).
3
Let z(h) = 23*h + 489. Determine z(-7).
328
Let p(c) = -21*c + 869. Determine p(42).
-13
Let u(p) = 47*p**2 - 83*p + 1. Determine u(2).
23
Let j(w) = -53*w**2 - 1548*w - 299. What is j(-29)?
20
Let f(o) = -147*o**2 - 5*o - 1. Give f(-1).
-143
Let g(n) = -388*n - 791. Calculate g(-2).
-15
Let m(j) = 17*j**2 - 10*j - 28. Calculate m(-1).
-1
Let d(n) = n**3 - 18*n**2 + 42*n + 374. Determine d(10).
-6
Let z(m) = m**3 - 29*m**2 + 62*m + 28. What is z(26)?
-388
Let g(x) = -1265*x + 73368. Determine g(58).
-2
Let x(o) = -o**3 + 4*o**2 - 6*o + 167. What is x(0)?
167
Let z(i) = -35*i + 53. Give z(5).
-122
Let x(i) = -37*i + 1822. Give x(27).
823
Let d(y) = -3902*y + 58535. Determine d(15).
5
Let a(c) = -c**2 + 11*c + 34. Calculate a(20).
-146
Let p(j) = -56*j**3 + j**2 + 8*j - 9. Calculate p(1).
-56
Let f(m) = -m**3 + 23*m**2 - 82*m - 140. Determine f(18).
4
Let t(n) = -3*n**2 - 10*n + 19. Give t(7).
-198
Let n(z) = -z**3 + 11*z**2 + 13*z - 241. Give n(10).
-11
Let k(u) = -3*u**3 - 8*u**2 + 69*u + 207. Calculate k(-3).
9
Let u(f) = 5*f**2 - 189*f + 146. Calculate u(37).
-2
Let h(t) = -t**3 + 22*t**2 - 53*t + 29. What is h(18)?
371
Let m(l) = -176*l - 28151. Calculate m(-160).
9
Let d(f) = f**2 - 19*f - 211. Calculate d(-8).
5
Let u(n) = n**3 - 4*n**2 - 41*n - 26. Give u(-4).
10
Let j(r) = r**2 - 211*r + 3500. Determine j(18).
26
Let s(q) = 6*q + 226. Calculate s(-36).
10
Let n(b) = 5032*b + 30218. Give n(-6).
26
Let s(z) = -61*z**3 - 2*z**2 - 8*z - 11. Give s(-2).
485
Let d(q) = -q**2 + 325*q - 23132. Calculate d(220).
-32
Let q(s) = -s**2 - 513*s - 3022. Determine q(-6).
20
Let v(y) = 40*y**2 + 90*y + 42. Calculate v(-3).
132
Let l(n) = n**3 + 3*n**2 - 17*n + 1. What is l(-7)?
-76
Let s(b) = -37*b**2 + b. Give s(1).
-36
Let p(m) = -2885*m - 11539. Calculate p(-4).
1
Let i(x) = -x**3 + 7*x**2 - 8*x - 11. Calculate i(0).
-11
Let j(p) = -p**2 - 138*p - 4147. Calculate j(-44).
-11
Let r(n) = n**2 + 59*n + 839. Determine r(-33).
-19
Let a(g) = g**2 + 9*g - 32. Give a(8).
104
Let l(m) = 2*m**3 - 69*m**2 + 159*m + 39. Calculate l(32).
7
Let f(u) = -6*u**2 - 6*u + 17. What is f(2)?
-19
Let t(j) = j**3 - 11*j**2 + 243*j - 1519. Give t(7).
-14
Let l(d) = 5006*d - 90084. What is l(18)